*x + 22. What is the tens digit of x?
2
Let m = -17 + 70. What is the units digit of m?
3
Let v be 1*(-2 + 1 + 1). Suppose k - 3 - 8 = v. Suppose t - 9 = k. What is the tens digit of t?
2
Suppose 4*m = -4*u + 44, -2*m - m = -u - 21. Suppose 0 = -3*p - p - 2*i + m, -3*i - 6 = 0. What is the units digit of p?
3
Suppose -5*w = -5 - 5. Let o be 1/1*(w - 1). What is the units digit of 2 + 2 + -2 - o?
1
Let w be (3 - 4)/2*-12. Suppose 2 = 2*k - w. Suppose -6*d = -2*d - s - 49, -2*d - k*s + 20 = 0. What is the units digit of d?
2
Let i = -49 - -88. What is the tens digit of i?
3
Let n = 9 + -5. Let c be (-6 - -9)/(6/8). Let k = c + n. What is the units digit of k?
8
Suppose 14 = -3*k - 6*q + 2*q, -3*q - 17 = -k. Let y = 6 - k. What is the units digit of 13/y + 3/4?
4
Let d(a) = 0 - 2*a**2 + 4*a + 0*a - 1 + a**3. What is the tens digit of d(3)?
2
Suppose 0 = -y, -4*m = -y + 2*y. Let r be 4 + m - (-7)/7. Let k = r + 7. What is the tens digit of k?
1
Suppose -v - 1 = 0, -6*s + 4*s - 3*v = -1. Suppose 4 = -4*j + 4*k, -8 = -2*j - s*k - 2. What is the units digit of 1/j - 0 - 0?
1
Let z = 17 - -41. What is the tens digit of z?
5
Let z(v) = -v**2 - 8*v + 8. Let f be z(-10). Let i(t) = 5*t - 3. Let q be i(4). Let m = f + q. What is the units digit of m?
5
Let w be 84/15 + 9/(-15). Suppose -g = -w*g + 60. What is the units digit of g?
5
Let d(o) = o**2 + 9*o + 14. Let h be d(-7). Let f(j) = j + 7. What is the units digit of f(h)?
7
Let d(i) be the third derivative of i**5/30 - i**4/4 + i**3/6 - 3*i**2. Let s(t) = -t**3 - 6*t**2 - 5*t + 5. Let x be s(-5). What is the units digit of d(x)?
1
Let u = -1 + 5. Suppose 3*i - 17 = g - 2*g, 77 = 3*g - u*i. What is the tens digit of g?
2
Suppose 16 + 96 = 2*z. Let u = z - 39. What is the units digit of u?
7
Let n = -36 - -56. What is the units digit of n?
0
Suppose -10*q + 1 + 19 = 0. What is the units digit of q?
2
Let l(q) = -5*q - 35. What is the tens digit of l(-21)?
7
Suppose -2*t + 97 = -57. What is the tens digit of t?
7
Suppose 4*s - 4*y = -292, -2*y - 174 = 4*s + 130. Let q = s + 116. What is the tens digit of q?
4
Suppose 0 = -2*s - 109 + 131. What is the tens digit of s?
1
Suppose -3*n - 2*n + 5 = 5*w, 0 = -4*w - 2*n + 8. What is the units digit of 10/w - 2/6?
3
Let d(a) = 2*a**2 + 4*a**3 - a + 2*a - 7*a**3. What is the units digit of d(-1)?
4
Suppose 4*n + 5*x = 103, 91 = 4*n - n + x. Suppose -n = -3*b + 1. What is the units digit of b?
1
Let d be 3/(-2)*(-4)/3. What is the units digit of 328/16*d*1?
1
Suppose 15*u - 11*u = 28. What is the units digit of u?
7
Suppose 24*a = 19*a + 1125. What is the units digit of a?
5
Let u(c) = 5*c. Let b be u(8). Suppose -4*p + b = p. What is the units digit of p?
8
Suppose 0 = 4*x + 12, 4*c + 9*x + 3 = 4*x. Suppose 3*u - c*v - 41 = v, -2*v - 11 = -u. What is the tens digit of u?
1
Let i be (-1 - -2 - 1)/(-2). Suppose q + 11 = -i*q. Let f = q - -20. What is the units digit of f?
9
Let c(q) = q - 3. Let i(u) = -u + 2*u**2 - 5*u + 1 - u**2. Let v be i(7). What is the units digit of c(v)?
5
Let c = 560 + -399. What is the hundreds digit of c?
1
Suppose -5*l - 34 - 11 = 0. What is the units digit of (-2)/(2/l)*1?
9
Let c(p) = p**3 + 6*p**2 + 6*p + 5. Suppose -g = 2*g. Suppose -2*a - 3*a - 20 = g. What is the tens digit of c(a)?
1
Let c(i) = -i + 10. Let f be c(10). Suppose f = -2*r, -4*r + 2*r = 3*o + 60. What is the units digit of 3/(30/(-4))*o?
8
Suppose 2*y + 12 = 5*y. Suppose -y*b + 14 + 64 = 2*t, -2*b - 196 = -4*t. What is the units digit of t?
7
Suppose -4*m - q - 1 = 0, 4*q + 25 = -q. What is the tens digit of (-1 + m - 0) + 11?
1
Let r(y) = -2*y - 2. Let k(s) = s**2 - 8*s + 2. Let x(m) = m + 1. Let u be x(6). Let f be k(u). What is the units digit of r(f)?
8
Let l be (-5 - -3)/2 + 4. What is the tens digit of (l/(-2))/((-6)/84)?
2
Suppose 5*x = -10, 6*g - g - 3*x - 1171 = 0. What is the hundreds digit of g?
2
Suppose 0 = -5*w + 10, -w + 156 = 4*t + 3*w. What is the tens digit of t?
3
Suppose 1 - 13 = -3*m. Suppose -18 = m*p + 6. What is the units digit of 13 + p/((-2)/(-1))?
0
Let p(n) = -n**3 + 6*n**2 + 4*n + 5. Let w(f) = 2*f - 16. Let i be w(10). What is the tens digit of p(i)?
5
Let l(c) = -c**3 - 6*c**2 - c + 1. Let s be l(-6). Let z = 8 - s. What is the units digit of ((-2)/(-5))/(z/30)?
2
Suppose 54*a = 57*a - 1149. What is the hundreds digit of a?
3
Let b(u) = u**2 + u + 7. What is the units digit of b(0)?
7
Let r(j) = j + 5. Let a be r(-9). What is the units digit of 344/40 - a/10?
9
Let z(d) = -d**3 + 6*d**2 + 7*d + 6. Let s be -21*2*(-2)/12. Let k be z(s). What is the tens digit of (-1)/((k/(-33))/2)?
1
What is the units digit of 684/27*6/4?
8
Let a(j) = 21*j**2 - 3*j + 4. What is the tens digit of a(2)?
8
Let a(g) be the first derivative of g**2 + 3*g - 11. Let x be (-1 - -2)/((-1)/(-5)). What is the tens digit of a(x)?
1
What is the units digit of (-40)/12*(-3 - 0)?
0
Suppose -99 = -3*a + 5*f, -6*a + a + 4*f + 152 = 0. What is the units digit of a?
8
Suppose -5*o = -2*v + 85, 249 = 5*v - 3*o - 11. What is the units digit of v?
5
What is the units digit of 30*-1*(-24)/9?
0
Suppose -2*z = 5*m - 13 - 7, -4*m = -3*z + 7. Let c(h) = 5*h - 4. What is the tens digit of c(z)?
2
Let p = 51 - 16. What is the tens digit of p?
3
Let l = -2 - -3. Let r = l + 8. What is the units digit of r/(-12) + 62/8?
7
Let u = -14 - -22. What is the tens digit of (u - -7)*(3 + -2)?
1
What is the tens digit of -5 + 22 + (-3)/(-3)?
1
Suppose m + 1976 = -5*s - 472, 0 = -3*s + m - 1472. What is the units digit of s/(-18) - 18/81?
7
Let n(u) = -u**2 + 11*u - 9. Let k(m) = -m**3 - 6*m**2 - 2*m - 3. Let z be k(-6). What is the units digit of n(z)?
9
Suppose 5*l + 3*b - 75 = -0*l, 5*b + 15 = l. Suppose 0 = -3*h + 6*h. Suppose 5*r + h*r - l = 0. What is the units digit of r?
3
Let i = 8 + -5. Let v be ((0/i)/3)/(-3). Suppose v = 2*j + 2*t - 8, 5*j + t - 24 - 4 = 0. What is the units digit of j?
6
Let v = 92 - 62. What is the units digit of v?
0
Let h be (-2)/(12/15)*2. Let i(c) = -c**3 - 4*c**2 + 2*c - 1. What is the units digit of i(h)?
4
What is the units digit of ((-18792)/36)/(-2 - 0)?
1
Suppose 5*a - 66 = -3*u - 4, 2*a - 5*u = 31. Let k = 7 + a. Suppose 0 = -2*q - 0*q + k. What is the tens digit of q?
1
Let q(c) be the second derivative of -c**7/2520 + c**6/720 + c**5/24 + c**4/12 + c. Let o(g) be the third derivative of q(g). What is the units digit of o(0)?
5
Suppose -63 = -2*u + 79. What is the tens digit of u?
7
Let i be (-8)/2*(-6)/12. Let f(h) be the first derivative of -h**4/4 + h**3 - h**2 + 2*h - 4. What is the units digit of f(i)?
2
Suppose 3*n + 24 - 3 = -3*u, -2*u = n + 6. Let h(z) = -9*z - 11. Let k(v) = -10*v - 11. Let d(y) = 6*h(y) - 5*k(y). What is the units digit of d(n)?
1
Let y be 8*-14*(-3)/(-12). Let h = 51 + y. Let l = -15 + h. What is the units digit of l?
8
Let l = 43 - 30. What is the units digit of l?
3
Let p = 74 - 24. What is the units digit of p?
0
Let x(c) = -c**3 - 11*c**2 - 10*c + 14. What is the units digit of x(-11)?
4
Let y(b) = b**3 - 9*b**2 + 13*b + 19. What is the hundreds digit of y(9)?
1
Let t = 227 + -86. Let w = -12 + 25. What is the tens digit of t/w + 6/39?
1
Let o(n) = n**3 - n**2 + 37. What is the tens digit of o(0)?
3
Let w(n) = -n**3 - 8*n**2 + 9*n - 4. Let t be w(-9). What is the units digit of t/6*21/(-2)?
7
Let m = 1 + 2. Suppose 2*v = 2*a - a - 8, -5*v = m*a - 13. Suppose -a*b = -3*b - 6. What is the units digit of b?
2
Let p(z) = z**3 - z**2 - z - 4. Let i be p(4). Suppose 5*f - 210 = i. What is the tens digit of f?
5
Let j(x) = -5*x - 27. What is the units digit of j(-13)?
8
Suppose -4*l = -4 - 4. Let k(b) = 7*b + 4. What is the tens digit of k(l)?
1
Let a(i) = -6*i - 26. Let w(n) = -9*n - 39. Let q(d) = -7*a(d) + 5*w(d). Let s be q(-9). Let k = s - 9. What is the units digit of k?
5
Suppose -22*a = -17*a - 295. What is the units digit of a?
9
Let b(z) = -z**3 + z + 8. Let w be b(0). Suppose 4*u = -7*q + 4*q + 26, 0 = -4*u + w. What is the units digit of q?
6
Let r = -6 - -7. What is the tens digit of 0 - r - (-39 - -2)?
3
Suppose -315 = m - 6*m. What is the units digit of m?
3
Let j(m) = -5*m + 20. Let z(h) = -3*h + 13. Let l(f) = -5*j(f) + 8*z(f). Let s be l(4). Suppose i + i = s. What is the units digit of i?
4
Suppose 72 = 